77. Let l(i) = -i**3 - 17*i**2 + 16*i + 19. Is l(h) prime?
False
Suppose 4*s = -3*h + 156997, 2*h + 3*s - 21479 = 83184. Is h composite?
True
Let o be 80/(-24) - (-4)/(-6). Let g be (-4 - o)/((-3)/(-1)). Is 23 + (3 - 5 - g) composite?
True
Let s(p) = 319*p**3 + 2*p**2 + p - 1. Suppose -4*q - 6 + 10 = 0. Is s(q) composite?
True
Let z be (-13)/(-26) + (-114)/4. Let n = 99 + z. Is n composite?
False
Let i(v) be the second derivative of -3*v**5/20 - v**4/6 + 2*v**3 - 4*v**2 + 14*v. Let n be i(-8). Let u = n - 333. Is u a composite number?
False
Let r(m) = -14*m - 9. Let k be 7*(1 + 0) - 0. Let j be r(k). Is 5/(-10) - j/2 a prime number?
True
Let z = 424 - 106. Suppose 4*p - z = 2*p. Is p prime?
False
Let l(i) = 13*i**2 + 5*i + 7. Suppose 2*x = 6*x - 20. Suppose 3*f = 4*w + x*f + 16, 18 = -4*w - f. Is l(w) a composite number?
False
Suppose -8*y + 201 = -415. Is y a prime number?
False
Let o be (-54)/((11052/(-608))/9 - -2). Suppose -4*j = 4*r - 6*j - 2764, -5*j + o = 4*r. Is r a composite number?
True
Let f = -1045 + 2238. Is f composite?
False
Suppose 0 = -2*n - 4*p + 16514, 5*p + 24826 = 3*n - 0*p. Is n a composite number?
True
Let h(g) be the third derivative of g**5/30 + g**4/3 + 5*g**3/2 + 2*g**2 + 23. Let u(y) = 9*y + 1. Let p be u(-1). Is h(p) composite?
False
Suppose 0 = -185*u + 170*u + 1655085. Is u composite?
False
Let s(g) = -21*g + 37. Suppose 12*t = 13*t + 18. Is s(t) composite?
True
Let u = 34850 - -39149. Is u a prime number?
True
Let t = -4159 + 5865. Is t a composite number?
True
Let l = 8 + -7. Suppose 4*m - a - 33 + l = 0, 3*a + 24 = 3*m. Is (-19)/(-1)*56/m a composite number?
True
Let p(x) = x + 322. Let o be p(0). Let n be 4/1*(11 - 10). Suppose n*y - 2*y = o. Is y composite?
True
Suppose 4*y = -y + 25, 2*y = 3*f - 2. Let n(g) be the second derivative of 2*g**4/3 + 7*g**3/6 + 5*g**2/2 - 19*g - 1. Is n(f) composite?
True
Suppose 6*x - x + 20 = 0. Is 1 - 0 - (5 + x)*-556 a composite number?
False
Is -6 - ((-1)/2 + 44304/(-32)) a prime number?
False
Let y be 1186*(-3 + (-21)/(-6)). Let d = y + -347. Let u = 423 - d. Is u a prime number?
False
Suppose -4*m = m + 4*h + 25, 0 = -3*m - 4*h - 7. Let g = -300 + 721. Is (-4)/(-18) - g/m a composite number?
False
Let g = 660 + -266. Suppose -g + 112 = -3*n. Suppose -n = -v - v. Is v a prime number?
True
Suppose -5964 = -6*f - 480. Is f composite?
True
Let b = 30 + -40. Let z(v) = 6*v**2 + 23*v + 3. Is z(b) prime?
True
Let q be 34236/14 + 32/56. Let t = q + -1709. Is t composite?
True
Suppose 3*j + 3*p = 167262, 114*j = 117*j + 4*p - 167263. Is j prime?
False
Let p(f) = -f + 14. Let s be p(11). Suppose -s*y - 4 = -13. Suppose -y*d = -3*x - 657, -2*x + 255 = -5*d + 1338. Is d composite?
True
Let s(x) = -37*x + 1. Let b be s(-4). Suppose 0 = -q + 92 + b. Suppose 3*g + 2*t - q = 0, -3*g - g + 2*t + 312 = 0. Is g a prime number?
True
Suppose -38 - 88 = -14*g. Suppose 3444 = g*t - 5511. Is t composite?
True
Let l(y) = 5*y - 19. Let i(o) = o. Let r(p) = 4*i(p) - l(p). Let a be r(14). Suppose -476 = -5*k + 3*u, k + k - a*u = 179. Is k a prime number?
True
Is 3*(11 + (-26958)/(-9)) a prime number?
False
Suppose 5*t + 4760 = -1875. Let a = t + 2193. Suppose -360 = -2*r - 2*y + a, -3*y = 5*r - 3061. Is r a prime number?
False
Let g be 0 - (2 + (1272*2)/(-3)). Suppose -3*r = -g - 435. Is r prime?
False
Suppose 7*w - 29354 = 28529. Is w a prime number?
True
Suppose 2*j + 4*x - 22 = 0, -5*x + 13 = -3*j + 2. Suppose -5*c - 4*u + 12583 = 0, -j*c - 2*u + 0*u + 7549 = 0. Is c a prime number?
False
Suppose c - 14905 = -k, 7*k + 3*c + 14893 = 8*k. Is k composite?
True
Let c = -3 + -9. Let n be (21/c)/(1/(-4)). Let i(z) = -z**3 + 13*z**2 - 11*z + 6. Is i(n) prime?
True
Let a = 8828 + 2459. Is a prime?
True
Let c = -32 + 26. Is (c/(-5))/(2/365) a composite number?
True
Let b(r) = r**3 - 2*r - 1. Let i be b(2). Suppose k - 24 = i*k. Is (938/(-3))/(8/k) prime?
False
Let v(b) = 25*b**2 + 7*b + 9. Let g(c) = 51*c**2 + 15*c + 19. Let n(d) = -4*g(d) + 9*v(d). Is n(-2) composite?
False
Let p(j) = -40 + 73 - 86*j - 285*j - 31. Is p(-3) prime?
False
Suppose -18*m - 24*m + 116718 = 0. Is m prime?
False
Suppose 3*q - q + 6071 = 5*h, 5*h + 2*q - 6059 = 0. Is h a composite number?
False
Let s(q) = -q**2 + 13*q - 7. Let g be s(12). Suppose -3*v = -3, -3*o - g*v + 3390 - 1282 = 0. Is o a composite number?
False
Let u(r) = 4*r**2 + 18*r - 8. Suppose 0 = -3*t + 4*t - 2. Let f be 14/t*(-3)/(-3). Is u(f) a prime number?
False
Suppose 0 = 3*q + 3*m - 1398, q = 4*m + 389 + 82. Let n = 856 - q. Suppose 3*a - 4*u - 106 = n, -2*a + 344 = 2*u. Is a prime?
False
Let w be (-2)/16 + 213/(-24). Let j = -13 - w. Is (j + (-152)/(-12))*3 prime?
False
Suppose 0 = -3*t - r + 43776, 0*t + r = t - 14588. Is t composite?
False
Let z be (-8)/3*(18/8 - 3). Let g be (-1)/(1*1/(-471)). Suppose y = -z*y + g. Is y a prime number?
True
Let y = 1 - -4. Suppose -3*r + 5*g + 6342 = 2*g, -y*r + 10549 = 2*g. Is r composite?
False
Let i(z) = 163*z**3 - z + 1. Let b be ((-25 - -1) + 2)/2. Let a = b + 12. Is i(a) composite?
False
Suppose 0 = -3*z - 25 - 50. Let t = -22 - z. Suppose -5*k - 7*p + 4759 = -t*p, 3840 = 4*k - 5*p. Is k composite?
True
Let p = -3236 + 5720. Suppose -c + 6*c - p = u, 3*c - 1487 = 4*u. Is c prime?
False
Let a(z) = -61*z + 29917. Is a(0) a prime number?
True
Let r(x) be the first derivative of 2*x - 4 + 5/3*x**3 - x**2. Is r(7) a prime number?
True
Is 12/(-22) - (6 + (-65650)/286) prime?
True
Let j(a) = -4 - a + 3*a**2 + 2*a**2 + 4 - 1. Let p be j(-1). Is 40 - (p - 2) - 0 composite?
False
Let k(i) = -i - 1. Let u be k(-6). Let g be ((-239)/u)/(1/(-5)). Suppose 0 = -2*m + 4*z - z + g, -523 = -4*m - 3*z. Is m prime?
True
Suppose 1308 = 3*l - 579. Is l prime?
False
Let s(g) = 2*g**2 + 11*g + 9. Let v be s(-8). Suppose 4*o - 4*z - 36 = -0*z, z + v = 5*o. Is o a prime number?
False
Let c(t) = -11*t**3 + 2*t**2 - 1. Let z be c(1). Let f = -6 - z. Suppose 2*s - f*y - 191 - 15 = 0, 0 = 2*s - y - 206. Is s a composite number?
False
Let m = -1038 + 2243. Let u = m + 653. Let c = -707 + u. Is c prime?
True
Let q(g) = 10 + 10*g**2 + 4*g**2 - 6*g - 2*g**2. Let v = 9 - 5. Is q(v) a prime number?
False
Suppose 3*y - 88 = y. Let m = 11 + 72. Let x = m + y. Is x composite?
False
Let m be 0/(-2) - 6/(-2). Suppose -m*n + 1564 = -128. Suppose -95 = w - n. Is w a prime number?
False
Let g = -3444 - -15428. Suppose -w - 3 = 0, -3*w = 4*h + w - g. Is h a prime number?
True
Let b be (-8)/(-40) + (-7119)/(-5). Suppose b = -2*g + 6*g. Let r = -103 + g. Is r prime?
False
Let p(v) = -v**3 + 23*v**2 + 54*v + 23. Is p(21) a composite number?
False
Suppose 48*c - 24930 = -v + 44*c, -4*v + 99776 = 2*c. Is v a composite number?
True
Let b be (-3)/9 + 7/(84/220). Is ((-84)/b)/(3/((-99)/2)) a composite number?
True
Let w(t) = 39*t**3 + 5*t**2 - 6*t + 3. Let b be w(4). Suppose -b + 783 = -4*s. Is (-4 + 5/1)*s prime?
True
Let j = -2057 + 9662. Suppose -3*p - 3 = 0, p - 399 = -5*z + j. Is z a composite number?
False
Suppose 1372670 = -91*w + 117*w. Is w a composite number?
True
Suppose 0 = n + 2*m + 2, 3*m - 1 = 2. Let j be 33 + (2/(-1) - 0). Let f = j - n. Is f prime?
False
Let n(j) = j - 8. Suppose -4*k = -80 + 28. Let v be n(k). Suppose 648 = 4*q + 3*p - v*p, 4*q - 4*p - 652 = 0. Is q prime?
False
Let t(o) = -10*o - 6. Let n be t(-8). Let c = 17 + n. Is c a composite number?
True
Let w(z) = 141*z**3 - z**2 + 11. Is w(3) composite?
True
Let c(z) = z**2 + 2. Let t be c(2). Suppose -d = t - 3. Let n = 16 + d. Is n a prime number?
True
Suppose -4*t = 2*v + 80 - 6294, 3*v - 9326 = -t. Is v a composite number?
False
Let t be -2 - (-1 + -1 - -2). Let p be (-457)/4 - t/8. Let u = 203 + p. Is u composite?
False
Suppose 2*b + 3*l - 730 - 301 = 0, 2*l + 2022 = 4*b. Suppose 3*x - 4*x = -2. Suppose -x*w + 0*w = -b. Is w a prime number?
False
Let f(u) = u**3 + 9*u**2 - 41*u - 97. Is f(28) a composite number?
False
Let m(t) = t**3 + 8*t**2 + 3*t - 3. Let x(q) = 5*q - 12. Let w be x(8). Suppose 2*c - c = 3*i + 21, 3*c = 4*i + w. Is m(i) a composite number?
True
Suppose -3*a - 2*a = -b + 2, -2 = -b + 2*a. Let p be -11*22/4*b. Let v = -44 - p. Is v a composite number?
True
Let k = 196 + -194. Let h be (4/4)/(2/670). Suppose -w = -k*w + h. Is w prime?
False
Let y(x) = -x + 4. Let c be